4516 is divided by 4046?
2906
What is the remainder when 96424 is divided by 116?
28
What is the remainder when 15509 is divided by 15383?
126
What is the remainder when 749472 is divided by 107067?
3
Calculate the remainder when 2251108 is divided by 42.
34
What is the remainder when 1264883 is divided by 3544?
3219
Calculate the remainder when 37360 is divided by 37158.
202
Calculate the remainder when 536298206 is divided by 122.
114
What is the remainder when 9282137 is divided by 74?
21
Calculate the remainder when 802365 is divided by 160444.
145
Calculate the remainder when 336260 is divided by 1255.
1175
What is the remainder when 4007686 is divided by 24?
22
Calculate the remainder when 23043 is divided by 2802.
627
What is the remainder when 14753865 is divided by 13?
9
What is the remainder when 10329527 is divided by 67074?
131
Calculate the remainder when 34704 is divided by 1854.
1332
What is the remainder when 940779 is divided by 1099?
35
What is the remainder when 18799302 is divided by 1253285?
27
What is the remainder when 2821904 is divided by 403108?
148
Calculate the remainder when 127016926 is divided by 6350845.
26
Calculate the remainder when 463395 is divided by 3962.
3803
Calculate the remainder when 4279083 is divided by 1713.
9
What is the remainder when 98580 is divided by 32469?
1173
Calculate the remainder when 52628319 is divided by 208017.
18
What is the remainder when 1867164 is divided by 373397?
179
What is the remainder when 18457356 is divided by 141?
33
What is the remainder when 183176 is divided by 3254?
952
What is the remainder when 1959433 is divided by 2616?
49
What is the remainder when 2868969 is divided by 168737?
440
What is the remainder when 627937954 is divided by 26?
20
Calculate the remainder when 5446954 is divided by 456.
34
Calculate the remainder when 8843987 is divided by 25935.
152
Calculate the remainder when 795070 is divided by 79495.
120
What is the remainder when 202513 is divided by 73?
11
What is the remainder when 22900 is divided by 4845?
3520
Calculate the remainder when 14059922 is divided by 393.
347
What is the remainder when 264956 is divided by 1316?
440
Calculate the remainder when 22841577 is divided by 338.
213
What is the remainder when 2798945 is divided by 46649?
5
What is the remainder when 436942 is divided by 2112?
1870
Calculate the remainder when 99385179 is divided by 16.
11
Calculate the remainder when 564839166 is divided by 49.
45
What is the remainder when 148012 is divided by 174?
112
Calculate the remainder when 2558525 is divided by 17524.
21
Calculate the remainder when 71317 is divided by 7725.
1792
Calculate the remainder when 11882396 is divided by 27.
20
What is the remainder when 3546862 is divided by 59?
18
What is the remainder when 10309 is divided by 1024?
69
Calculate the remainder when 312162 is divided by 932.
874
Calculate the remainder when 516226 is divided by 130.
126
What is the remainder when 1981741 is divided by 209?
3
What is the remainder when 12459134 is divided by 20?
14
What is the remainder when 702903 is divided by 15975?
3
What is the remainder when 6297732 is divided by 401?
27
What is the remainder when 3238737 is divided by 1618677?
1383
What is the remainder when 4559193 is divided by 5?
3
Calculate the remainder when 1214611 is divided by 695.
446
Calculate the remainder when 775775 is divided by 6246.
1271
Calculate the remainder when 7208778 is divided by 132.
126
Calculate the remainder when 2293895 is divided by 8465.
8345
What is the remainder when 1282520 is divided by 17568?
56
What is the remainder when 8496 is divided by 1731?
1572
Calculate the remainder when 531316 is divided by 9465.
1276
Calculate the remainder when 169034252 is divided by 56344750.
2
Calculate the remainder when 47573915 is divided by 2334.
2327
Calculate the remainder when 7397890 is divided by 142267.
6
What is the remainder when 1236409 is divided by 7632?
25
Calculate the remainder when 14147406 is divided by 835.
1
Calculate the remainder when 11008561 is divided by 44569.
18
Calculate the remainder when 377039 is divided by 1182.
1163
Calculate the remainder when 12629 is divided by 67.
33
What is the remainder when 1711375 is divided by 237?
235
What is the remainder when 31419064 is divided by 112?
40
Calculate the remainder when 3698278 is divided by 86006.
20
Calculate the remainder when 5330089 is divided by 231743.
0
What is the remainder when 454541 is divided by 64?
13
Calculate the remainder when 1213208 is divided by 1716.
1712
What is the remainder when 625998 is divided by 462?
450
What is the remainder when 173023 is divided by 906?
883
Calculate the remainder when 845487 is divided by 319.
137
What is the remainder when 158044 is divided by 2029?
1811
What is the remainder when 258962 is divided by 5177?
112
Calculate the remainder when 189255 is divided by 217.
31
Calculate the remainder when 76906815 is divided by 1264.
1263
What is the remainder when 668565 is divided by 10779?
267
What is the remainder when 361884 is divided by 120607?
63
Calculate the remainder when 37568120 is divided by 18784057.
6
What is the remainder when 8421165 is divided by 890?
875
Calculate the remainder when 22408541 is divided by 1609.
1607
Calculate the remainder when 2537023 is divided by 67.
1
Calculate the remainder when 6456144 is divided by 121.
68
What is the remainder when 1819149 is divided by 8015?
7759
Calculate the remainder when 55796331 is divided by 11159260.
31
What is the remainder when 4021 is divided by 241?
165
What is the remainder when 406015 is divided by 13956?
1291
Calculate the remainder when 7849257 is divided by 10.
7
What is the remainder when 716168 is divided by 238599?
371
What is the remainder when 3681890 is divided by 50?
40
What is the remainder when 3702838 is divided by 214?
210
What is the remainder when 217785114 is divided by 16?
10
Calculate the remainder when 2386200 is divided by 216926.
14
Calculate the remainder when 661768 is divided by 220565.
73
What is the remainder when 2733769 is divided by 911036?
661
What is the remainder when 268591 is divided by 110?
81
What is the remainder when 634182 is divided by 254?
198
Calculate the remainder when 680431 is divided by 136054.
161
What is the remainder when 760452 is divided by 12880?
532
Calculate the remainder when 1794076 is divided by 718.
512
Calculate the remainder when 251557 is divided by 20844.
1429
Calculate the remainder when 1792622 is divided by 224067.
86
What is the remainder when 58345 is divided by 885?
820
What is the remainder when 531005 is divided by 106196?
25
What is the remainder when 173065 is divided by 34612?
5
What is the remainder when 149499028 is divided by 5295?
5293
Calculate the remainder when 11158385 is divided by 274.
9
Calculate the remainder when 5161928 is divided by 56.
16
Calculate the remainder when 280727 is divided by 3120.
3047
What is the remainder when 12444864 is divided by 2670?
2664
What is the remainder when 169646 is divided by 52?
22
What is the remainder when 2124839 is divided by 1909?
122
Calculate the remainder when 41718221 is divided by 254.
245
Calculate the remainder when 919350 is divided by 540.
270
What is the remainder when 53625465 is divided by 46?
45
Calculate the remainder when 7208 is divided by 492.
320
What is the remainder when 16975324 is divided by 75?
49
Calculate the remainder when 513737 is divided by 28519.
395
Calculate the remainder when 2987748 is divided by 1615.
1613
Calculate the remainder when 67034 is divided by 4111.
1258
What is the remainder when 5472325 is divided by 2736138?
49
Calculate the remainder when 77327112 is divided by 840512.
8
What is the remainder when 6141955 is divided by 27?
22
Calculate the remainder when 672517 is divided by 67249.
27
What is the remainder when 593429 is divided by 1872?
5
What is the remainder when 11811608 is divided by 2081?
1933
What is the remainder when 607381 is divided by 607372?
9
What is the remainder when 133579 is divided by 4047?
28
What is the remainder when 1543326 is divided by 24892?
22
What is the remainder when 21870 is divided by 10873?
124
Calculate the remainder when 666587063 is divided